i - 41. What is the highest common factor of i and 14?
7
Let k be ((-3)/9)/((-2)/60). Let d be (-2)/(-2)*k/1. What is the greatest common factor of d and 15?
5
Let q = 138 + -127. Suppose -2*b + 15 = -29. Calculate the greatest common factor of q and b.
11
Let h be -2 + 6 + 1 + -2. What is the greatest common divisor of h and 33?
3
Let n be (-195)/(-20) - (-2)/8. Let b(w) = w**3 - 3*w**2 - 5*w - 5. Let g be b(5). Calculate the greatest common factor of n and g.
10
Let l = 5 + 3. Let w(d) = -3*d - 5*d - 2*d**3 + d**3 - d**2 + 10*d**2 + 9. Let p be w(l). What is the highest common divisor of p and 9?
9
Suppose -6*r = -2*r + 192. Let s = 82 + r. Calculate the highest common divisor of 17 and s.
17
Let q(g) = g**3 + 6*g**2 - 7*g + 7. Let s be q(-7). What is the highest common divisor of s and 63?
7
Let m be ((-5)/2)/(2/(-4)). Calculate the greatest common divisor of m and 55.
5
Let y be (-250)/(-5)*(-4)/(-10). What is the greatest common factor of 140 and y?
20
Let y(k) = -5*k - 43. Let w be y(-18). Calculate the highest common factor of w and 517.
47
Suppose 111 = -6*b + 411. Calculate the highest common factor of 100 and b.
50
Suppose 3*f + f = 12. What is the highest common divisor of 30 and f?
3
Suppose -d + 2*d = 2. Let u(g) = 11*g + 2. Let p be u(d). What is the highest common divisor of 60 and p?
12
Suppose 3*p - 3*s - 324 = -0*s, -2*p + s = -218. Calculate the greatest common divisor of 10 and p.
10
Let h = -608 - -663. Suppose 0 = -3*k + 4*i - 1, -4*i + 2*i - 12 = -4*k. Calculate the highest common divisor of h and k.
5
Let q(j) be the third derivative of j**4/24 - j**3/3 - j**2. Let u be (16/(-10))/(2/(-10)). Let m be q(u). Calculate the highest common divisor of m and 18.
6
Let u be 404/5*(1 - -4). Suppose 4*b - u = -0*b - 3*t, -212 = -2*b + t. Calculate the greatest common factor of 13 and b.
13
Let b be ((-54)/15)/((-2)/10). Suppose b - 2 = q. Let p be ((-9)/(-12))/(2/q). What is the greatest common factor of 12 and p?
6
Let l be 1 + 189 + 9/((-27)/(-6)). Calculate the highest common divisor of 12 and l.
12
Let x = -4 + 7. Suppose -3*p = 3*a - 15, -x*p + 3*a + 2 + 1 = 0. Suppose 5*v - p*v - 16 = 0. Calculate the highest common factor of 8 and v.
8
Let r(d) = 4*d**2 + 2*d - 1. Let v be r(1). Calculate the highest common factor of 10 and v.
5
Suppose -4*t - t = -5. Let m = 3 - t. Suppose 8*o - 16 = 5*o + p, -o + 5*p = -24. Calculate the highest common factor of o and m.
2
Suppose -52 - 38 = -5*k. Calculate the highest common divisor of k and 18.
18
Let n = -1 - -5. Suppose 0 = 5*t - n*k - 102, -2*k - 46 = -2*t - 3*k. What is the greatest common factor of 154 and t?
22
Let o be 0 + 13 - 0/3. Let q = -7 + 6. Let d be (-12 + q)*3*-1. What is the greatest common factor of d and o?
13
Let s be ((-3)/(-1) + 0)/(5/315). Calculate the highest common divisor of s and 21.
21
Let o(c) = -c**3 + 5*c**2 + 6*c - 3. Let z be o(6). Let n be (-1 + -50)*z/9. What is the greatest common factor of 170 and n?
17
Let a(y) be the second derivative of -y**5/20 + 7*y**4/12 + y**3/3 + 5*y**2/2 - y. Let q be a(7). What is the greatest common factor of 114 and q?
19
Let i = 19 - -17. What is the greatest common factor of i and 72?
36
Let y = 25 - 115. Let h = y + 146. Suppose -8 - 8 = -2*x. What is the greatest common factor of h and x?
8
Let m = -31 - -53. Calculate the highest common factor of m and 33.
11
Let o be (-2 + 3)*(-66)/(-3 - -1). What is the greatest common divisor of o and 3?
3
Suppose 91 = m + 3*z + 32, -254 = -4*m - 3*z. Let d(a) = a**3 - a**2 + a + 13. Let u = 0 + 0. Let s be d(u). What is the greatest common divisor of m and s?
13
Suppose h - 12 = -2*d - 3*h, -3*d - 2*h = -22. What is the highest common factor of 16 and d?
8
Suppose 4*i - 5 = -29. Let p = 6 - i. Suppose -d - 5*m = -3*d + 87, -4*d - 3*m + 135 = 0. What is the greatest common factor of d and p?
12
Let t(q) = -31*q + 29. Let z be t(-20). What is the highest common divisor of 59 and z?
59
Let z(b) = 10*b + 1. Let l(n) = -31*n - 3. Let s(c) = -3*l(c) - 8*z(c). Let o be s(5). Let m = -40 + o. What is the greatest common factor of m and 65?
13
Let r = 83 + -52. What is the greatest common factor of 341 and r?
31
Let l(m) = 4*m - 7. Let o(i) = 5*i - 6. Let n(c) = -6*l(c) + 5*o(c). Let q be n(0). What is the greatest common divisor of q and 84?
12
Let o(v) be the third derivative of -v**4/3 + v**3/6 - 2*v**2. Let u be o(-1). Let h be (-4)/(-6) + 120/u. Calculate the highest common factor of h and 98.
14
Let r = 6 + -3. Suppose -r*f - 30 = -6*f. What is the greatest common factor of f and 10?
10
Suppose -i = -2*n + 31, -9 = -3*i + 6. Let r = 18 - 9. What is the greatest common factor of n and r?
9
Suppose 0 = 2*v + 16 - 64. Suppose 3*u = -u + v. Calculate the highest common factor of 42 and u.
6
Suppose -3*u = d - 8, -3*d = u - 5*u + 15. Suppose -u*t - t + 76 = 4*p, 2*p - 3*t - 43 = 0. Calculate the highest common factor of 4 and p.
4
Suppose -q = -15 - 1. What is the highest common divisor of 32 and q?
16
Suppose 2*x = -4*s + 22, 2*x - 5*x + 18 = 3*s. Suppose s*n - 1 = 3*i + 3, 5*i = 4*n + 15. What is the highest common divisor of 77 and i?
7
Suppose 6 = 6*t - 4*t. Let r be t*(0 - (-28)/(-6)). Let g = 8 - r. Calculate the highest common factor of 11 and g.
11
Suppose 0 = -2*s + 3*c - c + 298, 145 = s - 5*c. What is the highest common divisor of 60 and s?
30
Suppose -4*d = -5*d + 57. Suppose 0*n + 5*n - 670 = 0. Let s = n - d. What is the greatest common divisor of s and 11?
11
Suppose 0 = 3*b - 0*b + 12. Let t(a) = -23*a - 4. Let s be t(b). Calculate the greatest common factor of s and 8.
8
Let v = 14 + -20. Let g be (33/v - -3)*-16. Calculate the greatest common factor of g and 100.
20
Suppose 17 = 2*s - 5*q - 13, -s - 4*q - 11 = 0. Let w = -2 + 42. Suppose -c = -5*c + w. What is the highest common factor of c and s?
5
Suppose -26 = 2*d - 3*d. Let q = 44 - d. Calculate the highest common factor of 2 and q.
2
Let f(x) = x**2 - 14. Let o be f(0). Let j be 2/o + (-1080)/(-14). Calculate the greatest common factor of 11 and j.
11
Suppose 0 = -5*x - 0*k - k + 46, 0 = 3*x + 2*k - 29. What is the greatest common divisor of x and 12?
3
Suppose -4 + 13 = 3*o. Let s = -257 + 278. Calculate the highest common factor of s and o.
3
Let v(t) = t**2 - 3*t + 4. Let f be v(4). Let u be (-26)/(-6) + (-4)/(-6). Suppose -191 - 129 = -u*x. What is the greatest common divisor of x and f?
8
Suppose 0 = -4*m - q + 33, m + 2*m - 3*q = 21. Let z = 13 - m. Suppose -62 = -z*p - 4*w, -w + 5*w - 48 = -4*p. What is the greatest common divisor of 14 and p?
14
Suppose 0*g + 72 = 3*g. Calculate the highest common divisor of 3 and g.
3
Let l be (-18)/6 + -1 + 8. Calculate the greatest common factor of 20 and l.
4
Let l = -23 - -40. Let c = -10 + l. What is the greatest common factor of 1 and c?
1
Suppose z - 52 = -z. Suppose -120 = -4*y + 140. Calculate the highest common divisor of z and y.
13
Let v(g) = g**2 - 3*g - 1. Let z be v(4). Suppose -5*k = -z*a - 438, k - a - 88 = -0*k. Let i = k + -7. Calculate the greatest common factor of 10 and i.
10
Suppose 13 = 2*a + 3. Let j = 2 - -3. Calculate the greatest common factor of a and j.
5
Suppose -x + 17 = 3*p, 0*x = 2*p - 5*x + 17. What is the greatest common factor of p and 6?
2
Let w = 20 + -16. Let u(q) = 3*q**2 - 4*q + 2. Let i be u(2). Suppose 0 = i*b - b - 100. What is the highest common factor of w and b?
4
Let i = -7 + 10. Suppose s - 3 = i. Let q = s + -1. What is the highest common factor of 40 and q?
5
Suppose -f + 4*f - 18 = 0. Let u be 1/(-1 - f/(-8)). Let y = u - -20. Calculate the highest common divisor of 4 and y.
4
Let l(f) = 3*f - 8. Let h be l(6). Let v = h + -6. Let b = -25 - -69. Calculate the greatest common factor of v and b.
4
Suppose -4*k = -4*f + 180, 0 = f - 5*f + k + 171. Calculate the greatest common divisor of 63 and f.
21
Let n = 1599 - 1071. Suppose -5*t + n = -t. Let l = t + -62. What is the greatest common factor of 28 and l?
14
Let u(f) = f**2 - 9*f + 7. Let h be u(9). Suppose -4*t + 38 = x, -22 + h = -5*t. Calculate the greatest common factor of x and 39.
13
Let h be (4/2)/((-1)/(-224)). Suppose 0 = 8*p - 4*p - h. Calculate the highest common divisor of p and 28.
28
Suppose 0 = 5*s + 10, 0 = 4*n + n - 3*s - 151. What is the greatest 